(-12)?
-37
Let c(g) = -g**2 - 76*g + 47828. Give c(184).
-12
Let g(o) = 126*o**2 + 636*o + 21. Determine g(-5).
-9
Let f(a) = a**3 + 5*a**2 + 4*a - 16. Determine f(-7).
-142
Let j(d) = -3*d - 62. What is j(-12)?
-26
Let p(g) = -g**2 + 2*g - 20. Give p(-13).
-215
Let v(s) = 3158*s**2 + 6301*s - 23. What is v(-2)?
7
Let t(p) = p**2 - 28*p + 66. Determine t(6).
-66
Let c(d) = 3*d + 11. Give c(-15).
-34
Let x(r) = -2*r**3 + 6*r**2 - 3*r + 17. What is x(6)?
-217
Let l(i) = -3*i**2 + 98*i + 73. What is l(32)?
137
Let p(n) = n**2 + 9*n + 16. Calculate p(-6).
-2
Let d(a) = -8136*a - 24422. Give d(-3).
-14
Let c(y) = 6*y**3 - 164*y**2 + 51*y + 75. Determine c(27).
-6
Let j(d) = 296*d - 9801. Determine j(33).
-33
Let w(f) = f**3 + 26*f**2 + 126*f - 152. Determine w(-19).
-19
Let u(m) = 266*m**2 - 47*m - 4. Determine u(-1).
309
Let u(l) = -19*l - 55. Give u(-18).
287
Let j(a) = 2*a**3 - 69*a**2 - 271*a - 4. Determine j(38).
-194
Let f(k) = -4*k**2 + 62*k - 388. What is f(7)?
-150
Let a(i) = i**2 - 10*i - 41. What is a(-16)?
375
Let n(s) = 41*s + 1061. What is n(-27)?
-46
Let d(i) = -3*i**3 + 2*i**2 - 5. Calculate d(-2).
27
Let l(f) = -56*f - 1163. Give l(-20).
-43
Let u(o) = 330*o + 9241. Give u(-28).
1
Let a(n) = -n**3 - 8*n**2 - n - 6. Calculate a(-8).
2
Let h(g) = g**2 + 12*g - 213. What is h(11)?
40
Let l(q) = q**2 + 81*q - 3897. What is l(34)?
13
Let m(a) = -34*a - 335. What is m(-10)?
5
Let n(p) = 3*p**3 - 97*p**2 + 282*p - 11. Determine n(3).
43
Let o(v) = 4*v**3 - 343*v**2 - 89*v + 277. Determine o(86).
19
Let o(p) = p**3 - 5*p**2 + 99*p - 193. Determine o(2).
-7
Let b(m) = -21*m**2 - 12*m - 20. What is b(-2)?
-80
Let w(k) = 14*k**3 - 3*k**2 + 6*k + 1. Calculate w(2).
113
Let f(i) = 2*i**3 - 5*i + 30. Give f(-4).
-78
Let o(s) = -2*s**2 + 69*s - 560. What is o(14)?
14
Let j(m) = 3*m**3 - 189*m**2 + 11*m - 695. What is j(63)?
-2
Let l(z) = -22*z**2 + 244*z + 5. What is l(11)?
27
Let i(q) = -105*q**2 + 9*q + 8. Give i(-1).
-106
Let u(v) = -371*v + 1852. Calculate u(5).
-3
Let t(w) = 177*w - 966. Calculate t(3).
-435
Let l(b) = 2529*b - 78405. Calculate l(31).
-6
Let v(k) = 3*k**2 + 111*k - 383. Give v(-41).
109
Let a(n) = -n**2 - 2543*n + 71999. Calculate a(28).
11
Let x(f) = -3*f**3 + 2*f**2 + 44*f - 152. Give x(3).
-83
Let i(x) = 2*x**3 + 18*x**2 - 22*x - 124. Give i(-9).
74
Let p(q) = q**3 + 59*q**2 - 935*q - 10. Give p(13).
3
Let b(u) = u**3 + 27*u**2 + 33*u + 120. Calculate b(-26).
-62
Let m(l) = -3*l - 41. Calculate m(6).
-59
Let g(q) = 389*q + 7. Give g(0).
7
Let p(t) = t**2 - 29*t - 63. Give p(33).
69
Let p(s) = 4*s**2 + 143*s - 466. Give p(3).
-1
Let s(a) = -9*a - 301. Calculate s(-36).
23
Let y(u) = -u**3 - 18*u**2 + 15*u + 285. Calculate y(-18).
15
Let f(b) = 10*b**2 + 370*b - 750. Give f(2).
30
Let o(a) = -2*a**2 - a + 24. What is o(0)?
24
Let p(x) = -x**3 + 3*x**2 + 24*x + 10. Calculate p(-3).
-8
Let k(i) = -39*i - 345. Give k(-13).
162
Let a(g) = -5*g + 28. What is a(-8)?
68
Let k(x) = 38*x**2 + 1158*x - 606. Give k(-31).
14
Let k(g) = -938*g + 20621. What is k(22)?
-15
Let q(v) = -v - 180. Determine q(-9).
-171
Let o(j) = -40*j + 411. Calculate o(10).
11
Let h(p) = 193*p - 1374. What is h(7)?
-23
Let l(a) = -193*a - 285. What is l(-1)?
-92
Let l(q) = -q**3 - 8*q**2 + 2*q + 36. What is l(-9)?
99
Let k(g) = -160*g - 50. Determine k(2).
-370
Let a(p) = 2*p**2 + 6*p - 1295. Calculate a(24).
1
Let o(z) = z**2 - 33*z - 197. What is o(0)?
-197
Let p(i) = 110*i - 449. What is p(4)?
-9
Let i(v) = -v**3 + 16*v**2 - 23*v + 11. Determine i(15).
-109
Let i(t) = t**3 + 91*t**2 - 191*t - 491. Calculate i(-93).
-26
Let q(x) = x**3 + 56*x**2 - 514*x - 130. Determine q(-64).
-2
Let f(i) = -14*i + 201. Calculate f(12).
33
Let b(v) = 3*v**2 - 16*v + 38. Calculate b(0).
38
Let k(c) = -713*c + 15688. Give k(22).
2
Let x(c) = -2*c**2 - 39*c - 19. Determine x(-18).
35
Let n(c) = 847*c - 38122. Determine n(45).
-7
Let r(v) = 842*v - 2389. What is r(3)?
137
Let c(p) = -124*p**3 - 51*p + 52. What is c(1)?
-123
Let q(w) = -w**3 - 86*w**2 - 83*w + 194. Calculate q(-85).
24
Let a(o) = -24*o**2 + 56*o + 56. Give a(-1).
-24
Let c(m) = -m**3 - 75*m**2 - 371*m + 2963. Give c(-69).
-4
Let s(j) = 101*j + 853. Determine s(-11).
-258
Let n(c) = 9*c + 250. Determine n(-27).
7
Let m(o) = 1410*o + 12695. What is m(-9)?
5
Let b(u) = -u**3 - 9*u**2 + 31*u + 279. What is b(-8)?
-33
Let m(i) = i**3 - 26*i**2 - i - 7. Give m(26).
-33
Let r(w) = 12*w**2 + 12*w - 24. Calculate r(4).
216
Let y(n) = -n**3 + 15*n**2 - 36*n + 16. Give y(12).
16
Let i(z) = 2*z**3 - 108*z**2 - 10*z + 524. Give i(54).
-16
Let j(v) = -11*v**2 - 49*v - 308. Give j(-8).
-620
Let o(y) = -3*y**2 - 102*y + 1514. Give o(12).
-142
Let m(s) = s**3 + 3*s**2 - 2*s + 6. Calculate m(0).
6
Let j(x) = x**2 - 26*x - 390. Determine j(37).
17
Let m(r) = 18*r - 188. Calculate m(15).
82
Let t(d) = -2*d**2 + 312*d - 9158. Determine t(117).
-32
Let w(x) = -24*x - 26. What is w(-8)?
166
Let h(z) = z**2 - 22*z + 44. What is h(0)?
44
Let c(i) = -i**3 + 670*i**2 + 1664*i - 215044. What is c(672)?
-4
Let o(x) = -x**2 + 107*x - 1567. Determine o(90).
-37
Let n(j) = j**3 + 14*j**2 - 127*j + 41. Determine n(-21).
-379
Let f(a) = -23*a**2 + 10*a + 1. Determine f(2).
-71
Let b(t) = t**2 + 25*t + 152. Give b(-17).
16
Let m(k) = 4598*k + 41385. Determine m(-9).
3
Let v(m) = -m**2 + 20*m - 43. Give v(14).
41
Let j(y) = 2*y**2 - 277*y - 111185. Determine j(315).
10
Let f(p) = p**3 + 12*p**2 + 53*p + 18. Give f(-6).
-84
Let j(c) = -323*c - 2834. What is j(-9)?
73
Let y(c) = -23*c + 6. Calculate y(4).
-86
Let n(x) = x**3 - 4*x**2 - 13*x + 55. Determine n(3).
7
Let b(i) = 3463*i + 13854. Calculate b(-4).
2
Let t(p) = 83*p**2 + 475*p - 19. What is t(-6)?
119
Let v(z) = -117*z**3 + 3*z**2 + 6*z + 1. What is v(1)?
-107
Let b(z) = -z**3 + 6*z**2 + 19*z + 21. Give b(9).
-51
Let q(a) = -376*a + 3000. Calculate q(8).
-8
Let i(b) = 38*b**2 - 721*b - 28. Calculate i(19).
-9
Let t(y) = y**2 + 10*y - 2. Calculate t(-13).
37
Let x(k) = 1943*k - 1808. Calculate x(1).
135
Let z(l) = 54*l**2 - 863*l - 5. Give z(16).
11
Let s(f) = f**3 - 30*f**2 + 148*f - 1. Give s(6).
23
Let x(v) = -v**2 + 220*v - 5542. Calculate x(29).
-3
Let a(o) = 2*o**3 - 5*o**2 - o. Determine a(4).
44
Let h(t) = 54*t + 19. Calculate h(-1).
-35
Let c(o) = -o**3 - 10*o**2 - 24*o - 134. Give c(-9).
1
Let p(t) = 10*t + 284. Calculate p(-28).
4
Let k(i) = -5*i**3 + 2*i**2 + 28*i + 4. Determine k(0).
4
Let o(b) = -453*b + 440. What is o(1)?
-13
Let t(x) = -x**2 - x - 96. What is t(0)?
-96
Let w(m) = 5488*m - 49393. What is w(9)?
-1
Let c(r) = -2*r**3 + 25*r**2 - 14*r - 82. Give c(11).
127
Let l(p) = -14*p**2 - 83*p - 10. What is l(-11)?
-791
Let k(x) = -20*x + 194. What is k(9)?
14
Let y(r) = 4*r**2 - 285*r + 3978. Determine y(19).
7
Let s(c) = 41*c - 71. What is s(3)?
52
Let i(b) = 3*b**2 - 94*b - 954. Calculate i(39).
-57
Let o(n) = 21*n - 312. Give o(26).
234
Let p(f) = -1338*f + 29435. Determine p(22).
-1
Let a(m) = -3*m**2 - 73*m - 403. Determine a(-16).
-3
Let b(c) = -130*c + 8. Calculate b(-1).
138
Let v(m) = -135*m - 22156. Determine v(-164).
-16
Let a(r) = -2*r**3 - 33*r**2 - r + 203. Give a(-16).
-37
Let h(o) = -o**3 - 17*o**2 - 59*o + 12. Calculate h(-5).
7
Let n(k) = -2*k**3 + 347*k**2 - 510*k - 1032. Determine n(172).
0
Let v(r) = -r**2 + 14*r - 70. Determine v(11).
-37
Let n(w) = -642*w + 334. What is n(0)?
334
Let j(d) = 538*d + 73183. What is j(-136)?
15
Let n(l) = 2*l**3 - 321*l**2 + 792*l - 306. Calculate n(158).
10
Let a(w) = 22*w**2 + 16*w - 45. Determine a(3).
201
Let i(d) = -d**2 - 49*d - 291. Calculate i(-44).
-71
Let v(l) = -l**3 - 8*l**2 - 23*l + 3. Calculate v(-6).
69
Let n(h) = h**3 + 9*h**2 - 155*h - 1409. Determine n(-11).
54
Let y(j) = -j**3 + 124*j**2 + 500*j + 1541. Determine y(128).
5
Let h(z) = -61*z**2 - 7*z - 26. Calculate h(4).
-1030
Let o(l) = 134*l + 152. Give o(-2).
-116
Let p(z) = 1177*z + 28261. Give p(-24).
13
Let r(u) = 61*u - 2235. Calculate r(38).
83
Let f(z) = z**3 - 14*z**2 - 61*z + 471. Give f(16).
7
Let n(c) = 2*c**3 + c**2 - 4*c - 9. Calculate n(-6).
-381
Let r(y) = -408*y - 34273. Give r(-84).
-1
Let n(l) = l**3 + 50*l**2 + 264*l - 3. Calculate n(-6).
-3
Let g(q) = q**2 - 42*q - 954. Give g(-21).
369
Let w(m) = m**3 - 306*m**2 - 605*m -